In base 14, what is -1 + -125?
-126
In base 11, what is -10 + -78?
-88
In base 16, what is -53f + 3?
-53c
In base 15, what is -2d + c4?
96
In base 4, what is 12 + -121001?
-120323
In base 13, what is 67bc - -5?
67c4
In base 15, what is 4301 - 0?
4301
In base 9, what is 130 + 3?
133
In base 16, what is -3f3 + -a?
-3fd
In base 14, what is -1ca + -15?
-201
In base 7, what is -35 - 1346?
-1414
In base 14, what is 1 + 123?
124
In base 3, what is -2 - 210010?
-210012
In base 12, what is -49 - -11?
-38
In base 12, what is 47 - 15?
32
In base 8, what is -1177 + 3?
-1174
In base 11, what is -41a + 3?
-417
In base 9, what is 213 - -3?
216
In base 5, what is 4 - 220?
-211
In base 16, what is 89 - 4?
85
In base 8, what is 272 + -10?
262
In base 2, what is 10101 + -100010?
-1101
In base 3, what is 2100 - 12?
2011
In base 5, what is -3 - -141?
133
In base 10, what is -4 - -113?
109
In base 13, what is c46 + -1?
c45
In base 5, what is 1220 + 3?
1223
In base 2, what is -1001 - 100?
-1101
In base 10, what is 2779 + 1?
2780
In base 16, what is -12f + -8?
-137
In base 6, what is -30 + 122?
52
In base 12, what is -338 + -5?
-341
In base 12, what is -15 - 2?
-17
In base 6, what is 4 - 3134?
-3130
In base 7, what is -5 + -1351?
-1356
In base 14, what is a - 76?
-6a
In base 7, what is 22 - 325?
-303
In base 7, what is -5 + 5305?
5300
In base 8, what is -3 + 157?
154
In base 11, what is 54 - -20?
74
In base 13, what is -150 + 22?
-12b
In base 11, what is 333 - 9?
325
In base 10, what is 859 - 5?
854
In base 9, what is -651 - -5?
-645
In base 4, what is -30 + 2?
-22
In base 16, what is df0 - -3?
df3
In base 13, what is 17 - 535?
-51b
In base 8, what is -65 + -22?
-107
In base 9, what is 8 + -5?
3
In base 12, what is 10 - -2?
12
In base 9, what is -4667 + 3?
-4664
In base 7, what is 5 - -16352?
16360
In base 10, what is 13 + -20?
-7
In base 15, what is -1074 + 0?
-1074
In base 15, what is 30 + -5?
2a
In base 11, what is -181 + 42?
-13a
In base 15, what is 67 - -5?
6c
In base 4, what is -10 + 221?
211
In base 3, what is -2 + -10212?
-10221
In base 12, what is -1b2 - 4?
-1b6
In base 3, what is -11100 - -1201?
-2122
In base 16, what is 4 - -74?
78
In base 8, what is 12 - 742?
-730
In base 9, what is -14 + 230?
215
In base 11, what is 20 - -17?
37
In base 16, what is 0 - -1c?
1c
In base 9, what is -60 + 2?
-57
In base 13, what is -1 + 59b?
59a
In base 16, what is -2 + 34?
32
In base 3, what is 11100 + -1?
11022
In base 14, what is 3b - -35?
72
In base 13, what is 4 + -90?
-89
In base 12, what is 106 - -38?
142
In base 15, what is 7c + -19?
63
In base 14, what is 1cc - 2?
1ca
In base 6, what is 204 + 14?
222
In base 3, what is 121000 - 11?
120212
In base 6, what is -41405 - -3?
-41402
In base 14, what is -12 - 54?
-66
In base 12, what is -87 + 6?
-81
In base 6, what is -10 - 2025?
-2035
In base 16, what is -4 + 12a?
126
In base 16, what is -f9 - 13?
-10c
In base 14, what is 0 - -8?
8
In base 7, what is 5 - 23?
-15
In base 12, what is 70 + 2?
72
In base 12, what is -17 - 1a?
-35
In base 13, what is 107 + 3?
10a
In base 15, what is 9b + -5e?
3c
In base 15, what is 51 - ad?
-5c
In base 3, what is -10 - 112212?
-112222
In base 4, what is -1 + -110?
-111
In base 8, what is 137 + 2?
141
In base 14, what is -5 + 45?
40
In base 11, what is -8 + 117?
10a
In base 13, what is -1b - -1c7?
1a9
In base 14, what is -6db8 + 2?
-6db6
In base 6, what is 13 - -4043?
4100
In base 11, what is 786 + -4?
782
In base 5, what is 4 + 23024?
23033
In base 9, what is 0 + -735?
-735
In base 13, what is 142 - -5?
147
In base 3, what is -2202 - 0?
-2202
In base 4, what is -23 - -10?
-13
In base 7, what is 445 + -1?
444
In base 7, what is 6 - 215?
-206
In base 14, what is -72 + 1c?
-54
In base 2, what is -1011110001 + 101?
-1011101100
In base 7, what is 6 - -30?
36
In base 16, what is -1 + -475?
-476
In base 11, what is 1 + 31?
32
In base 15, what is -5 + -1d?
-23
In base 11, what is 3 - -2788?
2790
In base 10, what is -1 + -1111?
-1112
In base 10, what is -7 - 771?
-778
In base 2, what is -11011111 - -1010?
-11010101
In base 10, what is 8 - -1187?
1195
In base 3, what is -1101 + 1202?
101
In base 4, what is -212 + 2?
-210
In base 7, what is -123661 - -5?
-123653
In base 13, what is -1 - 3c76?
-3c77
In base 16, what is -2 + -162?
-164
In base 3, what is -1010101 - 1?
-1010102
In base 5, what is 314 - -323?
1142
In base 2, what is 1001011 - -100101?
1110000
In base 9, what is 2 - 32?
-30
In base 11, what is 97 + 9?
a5
In base 12, what is 958 + -1?
957
In base 10, what is 25 + -48?
-23
In base 2, what is -110000100000 + 101?
-110000011011
In base 2, what is 101111111 - 101110?
101010001
In base 6, what is -4 - 51522?
-51530
In base 4, what is 300 - 31?
203
In base 9, what is -17 + 310?
282
In base 13, what is -20 + -136?
-156
In base 12, what is 288 + -2?
286
In base 14, what is 4 + 40c?
412
In base 6, what is 52 + 12?
104
In base 7, what is -144 - -13?
-131
In base 10, what is -1114 - -2?
-1112
In base 3, what is 12 + 110202?
110221
In base 5, what is 3030 - 3?
3022
In base 13, what is -1c0 + 1?
-1bc
In base 2, what is -1100 + -11?
-1111
In base 7, what is -1 - -26?
25
In base 5, what is -4 + -113?
-122
In base 4, what is -313312 - 11?
-313323
In base 7, what is 2202 - 2?
2200
In base 10, what is 94 + -1?
93
In base 12, what is -1b5 + -3?
-1b8
In base 16, what is 1dd + -4?
1d9
In base 3, what is 22 + -211?
-112
In base 15, what is 0 + b16?
b16
In base 15, what is -157 + 9?
-14d
In base 4, what is 131 + -1?
130
In base 11, what is -89 + 4?
-85
In base 8, what is 76245 - 4?
76241
In base 14, what is -42c - -19?
-413
In base 6, what is 0 - -323?
323
In base 9, what is -1707 + -4?
-1712
In base 6, what is 10254 - 3?
10251
In base 6, what is 214 - -23?
241
In base 4, what is -1 - 30121?
-30122
In base 3, what is -10 + 102221?
102211
In base 6, what is -5 - 51?
-100
In base 7, what is 54 - -301?
355
In base 15, what is 2c - -5?
32
In base 7, what is 5 - -226?
234
In base 4, what is -3 + -3101?
-3110
In base 13, what is 1 - 3a?
-39
In base 3, what is -11112 - -12?
-11100
In base 15, what is 9e0 + 4?
9e4
In base 14, what is 2 + -3?
-1
In base 5, what is 2 + 3?
10
In base 6, what is 1 + 534?
535
In base 4, what is -23332 + 11?
-23321
In base 14, what is -520 - -1?
-51d
In base 13, what is -14a - -3?
-147
In base 3, what is -200 + 20202?
20002
In base 11, what is 7 + -2a1?
-295
In base 8, what is -3 - 22?
-25
In base 6, what is -244 + 14?
-230
In base 5, what is -13 + 1023?
1010
In base 10, what is 48 - 76?
-28
In base 2, what is 110 + -11000?
-10010
In base 16, what is 0 + -cc?
-cc
In base 9, what is 17 - 1288?
-1271
In base 13, what is 3 + 0?
3
In base 3, what is 20210 - 110?
20100
In base 2, what is -1 + -10101111?
-10110000
In base 5, what is 2212 - -13?
2230
In base 7, what is 3 - -230?
233
In base 4, what is -113101 + -1?
-113102
In base 11, what is -120 - 11?
-131
In base 15, what is 1 - 8ed?
-8ec
In base 7, what is -2314 - -4?
-2310
In base 15, what is -b + 128?
11c
In base 4, what is -1 + 132?
131
In base 6, what is 22341 + 5?
22350
In base 10, what is 3 - -43?
46
In base 6, what is 4331 + -3?
4324
In base 14, what is -4 + -179?
-17d
In base 6, what is -235 + -213?
-452
In base 12, what is 8 + -7?
1
In base 4, what is 301 - 10?
231
In base 9, what is -17 - 40?
-57
In base 15, what is 7b4 - -1?
7b5
In base 13, what is -7 - 7?
-11
In base 9, what is -263 + 176?
-76
In base 5, what is -201 + 1?
-200
In base 4, what is 13023212 + -1?
13023211
In base 16, what is -63 - 2?
-65
In base 10, what is 309 - 0?
309
In base 12, what is 6 - 10b?
-105
In base 14, what is 4 - 30?
-2a
In base 9, what is -5 - -341?
335
In base 7, what is 30 + -51?
-21
In base 12, what is -39 - 33?
-70
In base 11, what is 177 - 0?
177
In base 9, what is 6873 - 7?
6865
In base 4, what is 1210030 + 0?
1210030
In base 13, what is 4 + -3?
1
In base 12, what is 0 + 1b5?
1b5
In base 11, what is -2 - 1297?
-1299
In base 12, what is 0 + 90?
90
In base 11, what is -23 - -32?
a
In base 15, what is -1 - 41?
-42
In base 5, what is 10 + -114?
-104
In base 5, what is 2241 + -23?
2213
In base 16, what is 3 + -5?
-2
In base 8, what is -1 - -17?
16
In base 11, what is -3 + -165a?
-1662
In base 11, what is 3064 - 5?
305a
In base 7, what is 2 + 104?
106
In